, 3, 5, 17, 83
What are the prime factors of 47928?
2, 3, 1997
List the prime factors of 5632.
2, 11
List the prime factors of 43.
43
What are the prime factors of 1126?
2, 563
What are the prime factors of 8472?
2, 3, 353
List the prime factors of 600.
2, 3, 5
What are the prime factors of 915?
3, 5, 61
What are the prime factors of 17143?
7, 31, 79
What are the prime factors of 2007?
3, 223
List the prime factors of 3932.
2, 983
What are the prime factors of 45154?
2, 107, 211
List the prime factors of 126355.
5, 37, 683
What are the prime factors of 1335?
3, 5, 89
What are the prime factors of 675?
3, 5
List the prime factors of 19829.
79, 251
List the prime factors of 1145.
5, 229
List the prime factors of 1840.
2, 5, 23
What are the prime factors of 115049?
11, 10459
List the prime factors of 325.
5, 13
List the prime factors of 37610.
2, 5, 3761
List the prime factors of 9726.
2, 3, 1621
List the prime factors of 4550.
2, 5, 7, 13
List the prime factors of 103.
103
What are the prime factors of 3343?
3343
What are the prime factors of 735?
3, 5, 7
What are the prime factors of 3530?
2, 5, 353
List the prime factors of 7201.
19, 379
List the prime factors of 31439.
149, 211
List the prime factors of 1283.
1283
List the prime factors of 1860.
2, 3, 5, 31
List the prime factors of 566.
2, 283
What are the prime factors of 11941?
11941
List the prime factors of 11443.
11443
List the prime factors of 5477.
5477
List the prime factors of 3094.
2, 7, 13, 17
List the prime factors of 2884.
2, 7, 103
List the prime factors of 6447.
3, 7, 307
What are the prime factors of 30959?
83, 373
List the prime factors of 15428.
2, 7, 19, 29
What are the prime factors of 156431?
11, 14221
List the prime factors of 477.
3, 53
List the prime factors of 718.
2, 359
What are the prime factors of 11328?
2, 3, 59
List the prime factors of 9431.
9431
List the prime factors of 11232.
2, 3, 13
List the prime factors of 4901.
13, 29
List the prime factors of 80337.
3, 61, 439
List the prime factors of 158.
2, 79
List the prime factors of 7611.
3, 43, 59
What are the prime factors of 101345?
5, 20269
List the prime factors of 1945.
5, 389
What are the prime factors of 1149?
3, 383
What are the prime factors of 588?
2, 3, 7
List the prime factors of 5441.
5441
What are the prime factors of 19401?
3, 29, 223
What are the prime factors of 445?
5, 89
List the prime factors of 2828.
2, 7, 101
List the prime factors of 2887.
2887
List the prime factors of 288.
2, 3
List the prime factors of 1302.
2, 3, 7, 31
List the prime factors of 12421.
12421
List the prime factors of 13007.
13007
List the prime factors of 48742.
2, 24371
What are the prime factors of 52593?
3, 47, 373
List the prime factors of 6388.
2, 1597
What are the prime factors of 1206?
2, 3, 67
What are the prime factors of 38626?
2, 7, 31, 89
What are the prime factors of 3799?
29, 131
What are the prime factors of 983?
983
List the prime factors of 89320.
2, 5, 7, 11, 29
What are the prime factors of 481?
13, 37
List the prime factors of 774.
2, 3, 43
What are the prime factors of 2008?
2, 251
What are the prime factors of 1588?
2, 397
List the prime factors of 4289.
4289
What are the prime factors of 686?
2, 7
What are the prime factors of 6062?
2, 7, 433
What are the prime factors of 4731?
3, 19, 83
What are the prime factors of 3754?
2, 1877
List the prime factors of 344.
2, 43
What are the prime factors of 14806?
2, 11, 673
List the prime factors of 41664.
2, 3, 7, 31
What are the prime factors of 1105?
5, 13, 17
List the prime factors of 1938.
2, 3, 17, 19
List the prime factors of 12019.
7, 17, 101
List the prime factors of 352.
2, 11
What are the prime factors of 85562?
2, 179, 239
What are the prime factors of 3138?
2, 3, 523
List the prime factors of 410.
2, 5, 41
What are the prime factors of 3339?
3, 7, 53
What are the prime factors of 7671?
3, 2557
What are the prime factors of 7400?
2, 5, 37
What are the prime factors of 311?
311
What are the prime factors of 1032?
2, 3, 43
List the prime factors of 27293.
7, 557
What are the prime factors of 2453?
11, 223
What are the prime factors of 214?
2, 107
List the prime factors of 2120.
2, 5, 53
List the prime factors of 3519.
3, 17, 23
List the prime factors of 5431.
5431
What are the prime factors of 22342?
2, 11171
What are the prime factors of 17208?
2, 3, 239
List the prime factors of 12706.
2, 6353
What are the prime factors of 2767?
2767
List the prime factors of 10031.
7, 1433
What are the prime factors of 751?
751
List the prime factors of 1800.
2, 3, 5
List the prime factors of 607.
607
What are the prime factors of 190?
2, 5, 19
List the prime factors of 624.
2, 3, 13
List the prime factors of 59215.
5, 13, 911
List the prime factors of 11982.
2, 3, 1997
List the prime factors of 2099.
2099
List the prime factors of 40063.
40063
List the prime factors of 774.
2, 3, 43
What are the prime factors of 291?
3, 97
List the prime factors of 231.
3, 7, 11
What are the prime factors of 46233?
3, 11, 467
List the prime factors of 3377.
11, 307
List the prime factors of 13491.
3, 1499
What are the prime factors of 1162?
2, 7, 83
What are the prime factors of 39238?
2, 23, 853
List the prime factors of 11601.
3, 1289
What are the prime factors of 926?
2, 463
What are the prime factors of 21363?
3, 7121
What are the prime factors of 106760?
2, 5, 17, 157
List the prime factors of 1247.
29, 43
What are the prime factors of 521?
521
What are the prime factors of 5939?
5939
What are the prime factors of 71807?
71807
List the prime factors of 8834.
2, 7, 631
List the prime factors of 1182.
2, 3, 197
List the prime factors of 1318.
2, 659
List the prime factors of 17245.
5, 3449
List the prime factors of 3100.
2, 5, 31
What are the prime factors of 13425?
3, 5, 179
What are the prime factors of 9868?
2, 2467
What are the prime factors of 7864?
2, 983
What are the prime factors of 18654?
2, 3, 3109
List the prime factors of 420.
2, 3, 5, 7
List the prime factors of 5587.
37, 151
What are the prime factors of 25006?
2, 12503
What are the prime factors of 10695?
3, 5, 23, 31
List the prime factors of 28880.
2, 5, 19
List the prime factors of 3793.
3793
What are the prime factors of 240?
2, 3, 5
List the prime factors of 38530.
2, 5, 3853
What are the prime factors of 175?
5, 7
What are the prime factors of 510?
2, 3, 5, 17
List the prime factors of 4421.
4421
List the prime factors of 85351.
7, 89, 137
What are the prime factors of 14013?
3, 173
List the prime factors of 3555.
3, 5, 79
List the prime factors of 94880.
2, 5, 593
List the prime factors of 4739.
7, 677
List the prime factors of 17443.
17443
What are the prime factors of 6807?
3, 2269
List the prime factors of 4193.
7, 599
List the prime factors of 13371.
3, 4457
What are the prime factors of 6196?
2, 1549
What are the prime factors of 10646?
2, 5323
List the prime factors of 27732.
2, 3, 2311
List the prime factors of 9981.
3, 1109
List the prime factors of 895.
5, 179
List the prime factors of 109332.
2, 3, 3037
What are the prime factors of 2352?
2, 3, 7
List the prime factors of 78644.
2, 19661
List the prime factors of 18476.
2, 31, 149
List the prime factors of 4873.
11, 443
What are the prime factors of 1191?
3, 397
What are the prime factors of 618?
2, 3, 103
List the prime factors of 6376.
2, 797
What are the prime factors of 1884?
2, 3, 157
List the prime factors of 413.
7, 59
List the prime factors of 11635.
5, 13, 179
What are the prime factors of 73873?
31, 2383
What are the prime factors of 75747?
3, 7, 3607
List the prime factors of 100851.
3, 33617
List the prime factors of 4105.
5, 821
What are the prime factors of 1158?
2, 3, 193
List the prime factors of 5862.
2, 3, 977
What are the prime factors of 2536?
2, 317
List the prime factors of 934.
2, 467
What are the prime factors of 43618?
2, 113, 193
What are the prime factors of 147?
3, 7
What are the prime factors of 1038?
2, 3, 173
List the prime factors of 9426.
2, 3, 1571
What are the prime factors of 19361?
19, 1019
What are the prime factors of 88832?
2, 347
What are the prime factors of 68052?
2, 3, 53, 107
List the prime factors of 96382.
2, 11, 13, 337
What are the prime factors of 10940?
2, 5, 547
What are the prime fact